{"id":22955,"date":"2023-09-01T11:37:38","date_gmt":"2023-09-01T09:37:38","guid":{"rendered":"https:\/\/campinglesramiers.com\/ein-tag-auf-der-ile-daix\/"},"modified":"2023-09-01T11:37:38","modified_gmt":"2023-09-01T09:37:38","slug":"ein-tag-auf-der-ile-daix","status":"publish","type":"page","link":"https:\/\/campinglesramiers.com\/de\/unsere-erfahrungen\/ein-tag-auf-der-ile-daix\/","title":{"rendered":"Ein Tag auf der \u00cele d&#8217;Aix"},"content":{"rendered":"\n<p>Tief im Meer, zwischen Ol\u00e9ron und Rochefort, verbirgt sich die geheimnisvolle Insel Aix. Gehen Sie auf Entdeckungsreise durch dieses kleine St\u00fcck Land. Folgen Sie mir, ich f\u00fchre Sie.<\/p>\n\n\n\n<div class=\"wp-block-media-text alignwide is-stacked-on-mobile\"><figure class=\"wp-block-media-text__media\"><img loading=\"lazy\" decoding=\"async\" width=\"1024\" height=\"683\" src=\"https:\/\/campinglesramiers.com\/wp-content\/uploads\/2023\/09\/ile-d-yeu-velos-1024x683.jpg\" alt=\"foto aix\" class=\"wp-image-21729 size-full\" srcset=\"https:\/\/campinglesramiers.com\/wp-content\/uploads\/2023\/09\/ile-d-yeu-velos-1024x683.jpg 1024w, https:\/\/campinglesramiers.com\/wp-content\/uploads\/2023\/09\/ile-d-yeu-velos-300x200.jpg 300w, https:\/\/campinglesramiers.com\/wp-content\/uploads\/2023\/09\/ile-d-yeu-velos-768x512.jpg 768w, https:\/\/campinglesramiers.com\/wp-content\/uploads\/2023\/09\/ile-d-yeu-velos.jpg 1200w\" sizes=\"auto, (max-width: 1024px) 100vw, 1024px\" \/><\/figure><div class=\"wp-block-media-text__content\">\n<div style=\"height:12px\" aria-hidden=\"true\" class=\"wp-block-spacer\"><\/div>\n\n\n\n<h2 class=\"wp-block-heading\">Auf nach La Tranche sur Mer, um an Bord zu gehen.<\/h2>\n\n\n\n<p>Fahren Sie mit dem Auto zur Anlegestelle in La Tranche sur Mer, um dann an Bord eines der Boote klettern zu k\u00f6nnen, die Sie auf die wundersch\u00f6ne Insel Aix bringen.<\/p>\n\n\n\n<p>Die Preise und Modalit\u00e4ten finden Sie auf der Website&nbsp;: https: <a href=\"https:\/\/www.inter-iles.com\/au-depart-de-la-tranche-sur-mer\" target=\"_blank\" rel=\"noreferrer noopener\">\/\/www.inter-iles.com\/au-depart-de-la-tranche-sur-mer<\/a> Dort finden Sie auch die Abfahrts- und R\u00fcckfahrtszeiten, die in Echtzeit je nach Wetterlage aktualisiert werden.<\/p>\n\n\n\n<p>Sie kommen also im S\u00fcden der Insel an. Lassen Sie uns gemeinsam den Weg f\u00fcr Ihren Tag abstecken&nbsp;! Sie k\u00f6nnen alles zu Fu\u00df erledigen. Und wenn Sie es vorziehen, sollten Sie dar\u00fcber nachdenken, sich im Voraus ein Fahrrad auf dem Festland oder auf der Insel zu mieten, um sich schneller fortzubewegen. Auf dieser Insel sind Autos verboten, das ist angenehm, um in Ruhe spazieren zu gehen.<\/p>\n\n\n\n<div style=\"height:12px\" aria-hidden=\"true\" class=\"wp-block-spacer\"><\/div>\n<\/div><\/div>\n\n\n\n<p>Zun\u00e4chst k\u00f6nnen Sie sich auf den Weg zum Leuchtturm der Insel machen. Bei einem f\u00fcnfmin\u00fctigen Spaziergang dorthin k\u00f6nnen Sie sich die Beine vertreten. Seit 1840 leitet dieses Geb\u00e4ude die Seefahrer. Im Laufe der Zeit wurde es immer weiter verbessert und wird nun von La Rochelle aus ferngesteuert. Sie k\u00f6nnen es nicht besichtigen, aber Sie k\u00f6nnen die Umgebung betrachten. Genie\u00dfen Sie das Ger\u00e4usch der Wellen, die gegen die Felsen schlagen, und erfreuen Sie sich an der unglaublichen Aussicht. Wenn Sie genau hinsehen, k\u00f6nnen Sie vielleicht die K\u00fcste von Ol\u00e9ronaise und das ber\u00fchmte Fort Boyard erkennen.<\/p>\n\n\n\n<p>Um den Vormittag vor dem Mittagessen abzuschlie\u00dfen, k\u00f6nnen Sie an den Strand von Anse de la Croix gehen, bevor es zu hei\u00df wird. Genie\u00dfen Sie den weichen Sand und das klare Wasser, um sich zu erfrischen. Sie k\u00f6nnen die Gelegenheit nutzen, um einen Sprung ins Wasser zu machen, sich zu sonnen oder mit der Familie zu spielen.<\/p>\n\n\n\n<div class=\"wp-block-media-text alignwide has-media-on-the-right is-stacked-on-mobile\"><div class=\"wp-block-media-text__content\">\n<div style=\"height:12px\" aria-hidden=\"true\" class=\"wp-block-spacer\"><\/div>\n\n\n\n<p><strong>Eine Pause, um Kraft zu tanken, ist nicht verkehrt<\/strong><\/p>\n\n\n\n<p>F\u00fcr das Mittagessen stehen Ihnen zwei M\u00f6glichkeiten zur Verf\u00fcgung. Wenn Sie Ihr Picknick mitnehmen m\u00f6chten, genie\u00dfen Sie es an einem der wundersch\u00f6nen Str\u00e4nde der Insel&nbsp;:<\/p>\n\n\n\n<ul class=\"wp-block-list\">\n<li>Der Strand von Sable Jaune,<\/li>\n\n\n\n<li>Der Strand aux Coquillages<\/li>\n\n\n\n<li>Der gro\u00dfe Strand<\/li>\n\n\n\n<li>Der Goldene Sand<\/li>\n<\/ul>\n\n\n\n<p>Ansonsten k\u00f6nnen wir Ihnen empfehlen, in einem der Restaurants auf der Insel zu essen. Mit seiner Holzterrasse und der gr\u00fcnen Umgebung empf\u00e4ngt Sie das L&#8217;isola Nostra den ganzen Sommer \u00fcber. Dort werden frische und lokale Produkte angeboten. Dort k\u00f6nnen Sie sich die Zeit nehmen, Ihre Batterien aufzuladen, bevor Sie weiterreisen.<\/p>\n\n\n\n<div style=\"height:12px\" aria-hidden=\"true\" class=\"wp-block-spacer\"><\/div>\n<\/div><figure class=\"wp-block-media-text__media\"><img loading=\"lazy\" decoding=\"async\" width=\"1024\" height=\"683\" src=\"https:\/\/campinglesramiers.com\/wp-content\/uploads\/2023\/09\/ile-d-yeu-plage-peche-1024x683.jpg\" alt=\"strand ile d'aix\" class=\"wp-image-21731 size-full\" srcset=\"https:\/\/campinglesramiers.com\/wp-content\/uploads\/2023\/09\/ile-d-yeu-plage-peche-1024x683.jpg 1024w, https:\/\/campinglesramiers.com\/wp-content\/uploads\/2023\/09\/ile-d-yeu-plage-peche-300x200.jpg 300w, https:\/\/campinglesramiers.com\/wp-content\/uploads\/2023\/09\/ile-d-yeu-plage-peche-768x512.jpg 768w, https:\/\/campinglesramiers.com\/wp-content\/uploads\/2023\/09\/ile-d-yeu-plage-peche.jpg 1200w\" sizes=\"auto, (max-width: 1024px) 100vw, 1024px\" \/><\/figure><\/div>\n\n\n\n<div class=\"wp-block-media-text alignwide is-stacked-on-mobile\"><figure class=\"wp-block-media-text__media\"><img loading=\"lazy\" decoding=\"async\" width=\"1024\" height=\"769\" src=\"https:\/\/campinglesramiers.com\/wp-content\/uploads\/2023\/09\/P1200098-1024x769.jpg\" alt=\"baigane auf der insel aix\" class=\"wp-image-21733 size-full\" srcset=\"https:\/\/campinglesramiers.com\/wp-content\/uploads\/2023\/09\/P1200098-1024x769.jpg 1024w, https:\/\/campinglesramiers.com\/wp-content\/uploads\/2023\/09\/P1200098-300x225.jpg 300w, https:\/\/campinglesramiers.com\/wp-content\/uploads\/2023\/09\/P1200098-768x577.jpg 768w, https:\/\/campinglesramiers.com\/wp-content\/uploads\/2023\/09\/P1200098.jpg 1200w\" sizes=\"auto, (max-width: 1024px) 100vw, 1024px\" \/><\/figure><div class=\"wp-block-media-text__content\">\n<div style=\"height:12px\" aria-hidden=\"true\" class=\"wp-block-spacer\"><\/div>\n\n\n\n<p><strong>Der Norden der Insel Aix wartet auf Sie, um Ihre Aixien-Reise fortzusetzen.<\/strong><\/p>\n\n\n\n<p>Nach dieser kleinen Pause ist es an der Zeit, den n\u00f6rdlichen Teil der Insel zu erkunden. Dazu schlagen Sie die Richtung zum Fort Li\u00e9dot ein, das von Ende April bis Ende September ge\u00f6ffnet ist. Sie k\u00f6nnen alle ihre Geheimnisse mit einer gef\u00fchrten Tour entdecken, die f\u00fcr einen Erwachsenen 7,50 \u20ac kostet. Verfolgen Sie ihre Erlebnisse zur\u00fcck, seit sie 1808 unter Napoleons Befehl zum Schutz der Insel auftauchte.<\/p>\n\n\n\n<p>Alle Informationen zu Preisen und Besuchszeiten finden Sie auf der Website des Forts&nbsp;: https: <a href=\"https:\/\/www.fortliedot.com\/visites\/\" target=\"_blank\" rel=\"noreferrer noopener\">\/\/www.fortliedot.com\/visites\/<\/a>. Dieser Besuch ist auch in Eigenregie m\u00f6glich. Zurzeit ist zus\u00e4tzlich eine Ausstellung \u00fcber das Fort Boyard zug\u00e4nglich.<\/p>\n\n\n\n<div style=\"height:12px\" aria-hidden=\"true\" class=\"wp-block-spacer\"><\/div>\n<\/div><\/div>\n\n\n\n<p>Apropos letzterer: Es ist endlich an der Zeit, sich ihm zu n\u00e4hern. Bei Ihrer R\u00fcckkehr auf den Kontinent bieten einige Kreuzfahrtgesellschaften eine Rundfahrt durch das Fort an, bei der Ihnen die Geschichte des Forts erz\u00e4hlt wird. Leider ist dieses Fort nicht f\u00fcr Besichtigungen zug\u00e4nglich.<\/p>\n\n\n\n<p>Wenn du tags\u00fcber Zeit hast, findest du hier noch ein paar andere nette Orte, die du dir auf deinem Spaziergang ansehen kannst&nbsp;:<\/p>\n\n\n\n<ul class=\"wp-block-list\">\n<li>Der Steg auf der Ile d&#8217;aix<\/li>\n\n\n\n<li>Die Statue von Napoleon<\/li>\n\n\n\n<li>Das Pulverfass<\/li>\n<\/ul>\n\n\n\n<p>Es gibt viele Spezialit\u00e4ten auf der Insel, die Sie vielleicht bei Ihrem Mittagessen probieren k\u00f6nnen. Zu den Spezialit\u00e4ten geh\u00f6ren unter anderem&nbsp;:<\/p>\n\n\n\n<ul class=\"wp-block-list\">\n<li>Der Aal, der Fisch, den wir alle kennen<\/li>\n\n\n\n<li>Eclade, eine Art, Muscheln auf dem Grill mit verschiedenen Aromen zuzubereiten, die mit einem Glas frischem Wei\u00dfwein und mit Butter bestrichenem Brot genossen wird<\/li>\n\n\n\n<li>Glasaale, ebenfalls ein Fisch, sind eigentlich Aale, die aber noch nicht ausgewachsen sind. Sie werden z. B. in Butter, Knoblauch und Petersilie gebraten gegessen.<\/li>\n\n\n\n<li>Douzane, ein briocheartiges, geflochtenes Geb\u00e4ck, das zwischen 10 und 15 cm gro\u00df ist.<\/li>\n<\/ul>\n","protected":false},"excerpt":{"rendered":"<p>Tief im Meer, zwischen Ol\u00e9ron und Rochefort, verbirgt sich die geheimnisvolle Insel Aix. Gehen Sie auf Entdeckungsreise durch dieses kleine St\u00fcck Land. Folgen Sie mir, ich f\u00fchre Sie. Zun\u00e4chst k\u00f6nnen Sie sich auf den Weg zum Leuchtturm der Insel machen. Bei einem f\u00fcnfmin\u00fctigen Spaziergang dorthin k\u00f6nnen Sie sich die Beine vertreten. Seit 1840 leitet dieses [&hellip;]<\/p>\n","protected":false},"author":1,"featured_media":0,"parent":22969,"menu_order":0,"comment_status":"closed","ping_status":"closed","template":"","meta":{"_seopress_robots_primary_cat":"","_seopress_titles_title":"Entdecken Sie die Ile d'Aix w\u00e4hrend Ihres Urlaubs in der Vend\u00e9e","_seopress_titles_desc":"W\u00e4hrend Ihres Aufenthalts auf dem Campingplatz Les Ramiers sollten Sie sich unbedingt auf den Weg zur Ile d'Aix machen, um deren Fauna und Flora zu entdecken.","_seopress_robots_index":"","footnotes":""},"class_list":["post-22955","page","type-page","status-publish","hentry"],"_links":{"self":[{"href":"https:\/\/campinglesramiers.com\/de\/wp-json\/wp\/v2\/pages\/22955","targetHints":{"allow":["GET"]}}],"collection":[{"href":"https:\/\/campinglesramiers.com\/de\/wp-json\/wp\/v2\/pages"}],"about":[{"href":"https:\/\/campinglesramiers.com\/de\/wp-json\/wp\/v2\/types\/page"}],"author":[{"embeddable":true,"href":"https:\/\/campinglesramiers.com\/de\/wp-json\/wp\/v2\/users\/1"}],"replies":[{"embeddable":true,"href":"https:\/\/campinglesramiers.com\/de\/wp-json\/wp\/v2\/comments?post=22955"}],"version-history":[{"count":0,"href":"https:\/\/campinglesramiers.com\/de\/wp-json\/wp\/v2\/pages\/22955\/revisions"}],"up":[{"embeddable":true,"href":"https:\/\/campinglesramiers.com\/de\/wp-json\/wp\/v2\/pages\/22969"}],"wp:attachment":[{"href":"https:\/\/campinglesramiers.com\/de\/wp-json\/wp\/v2\/media?parent=22955"}],"curies":[{"name":"wp","href":"https:\/\/api.w.org\/{rel}","templated":true}]}}

Ein Tag auf der Île d&#8217;Aix

<p>Tief im Meer, zwischen Oléron und Rochefort, verbirgt sich die geheimnisvolle Insel Aix. Gehen Sie auf Entdeckungsreise durch dieses kleine Stück Land. Folgen Sie mir, ich führe Sie.</p>



<div class="wp-block-media-text alignwide is-stacked-on-mobile"><figure class="wp-block-media-text__media"><img loading="lazy" decoding="async" width="1024" height="683" src="https://campinglesramiers.com/wp-content/uploads/2023/09/ile-d-yeu-velos-1024x683.jpg" alt="foto aix" class="wp-image-21729 size-full" srcset="https://campinglesramiers.com/wp-content/uploads/2023/09/ile-d-yeu-velos-1024x683.jpg 1024w, https://campinglesramiers.com/wp-content/uploads/2023/09/ile-d-yeu-velos-300x200.jpg 300w, https://campinglesramiers.com/wp-content/uploads/2023/09/ile-d-yeu-velos-768x512.jpg 768w, https://campinglesramiers.com/wp-content/uploads/2023/09/ile-d-yeu-velos.jpg 1200w" sizes="auto, (max-width: 1024px) 100vw, 1024px" /></figure><div class="wp-block-media-text__content">
<div style="height:12px" aria-hidden="true" class="wp-block-spacer"></div>



<h2 class="wp-block-heading">Auf nach La Tranche sur Mer, um an Bord zu gehen.</h2>



<p>Fahren Sie mit dem Auto zur Anlegestelle in La Tranche sur Mer, um dann an Bord eines der Boote klettern zu können, die Sie auf die wunderschöne Insel Aix bringen.</p>



<p>Die Preise und Modalitäten finden Sie auf der Website&nbsp;: https: <a href="https://www.inter-iles.com/au-depart-de-la-tranche-sur-mer" target="_blank" rel="noreferrer noopener">//www.inter-iles.com/au-depart-de-la-tranche-sur-mer</a> Dort finden Sie auch die Abfahrts- und Rückfahrtszeiten, die in Echtzeit je nach Wetterlage aktualisiert werden.</p>



<p>Sie kommen also im Süden der Insel an. Lassen Sie uns gemeinsam den Weg für Ihren Tag abstecken&nbsp;! Sie können alles zu Fuß erledigen. Und wenn Sie es vorziehen, sollten Sie darüber nachdenken, sich im Voraus ein Fahrrad auf dem Festland oder auf der Insel zu mieten, um sich schneller fortzubewegen. Auf dieser Insel sind Autos verboten, das ist angenehm, um in Ruhe spazieren zu gehen.</p>



<div style="height:12px" aria-hidden="true" class="wp-block-spacer"></div>
</div></div>



<p>Zunächst können Sie sich auf den Weg zum Leuchtturm der Insel machen. Bei einem fünfminütigen Spaziergang dorthin können Sie sich die Beine vertreten. Seit 1840 leitet dieses Gebäude die Seefahrer. Im Laufe der Zeit wurde es immer weiter verbessert und wird nun von La Rochelle aus ferngesteuert. Sie können es nicht besichtigen, aber Sie können die Umgebung betrachten. Genießen Sie das Geräusch der Wellen, die gegen die Felsen schlagen, und erfreuen Sie sich an der unglaublichen Aussicht. Wenn Sie genau hinsehen, können Sie vielleicht die Küste von Oléronaise und das berühmte Fort Boyard erkennen.</p>



<p>Um den Vormittag vor dem Mittagessen abzuschließen, können Sie an den Strand von Anse de la Croix gehen, bevor es zu heiß wird. Genießen Sie den weichen Sand und das klare Wasser, um sich zu erfrischen. Sie können die Gelegenheit nutzen, um einen Sprung ins Wasser zu machen, sich zu sonnen oder mit der Familie zu spielen.</p>



<div class="wp-block-media-text alignwide has-media-on-the-right is-stacked-on-mobile"><div class="wp-block-media-text__content">
<div style="height:12px" aria-hidden="true" class="wp-block-spacer"></div>



<p><strong>Eine Pause, um Kraft zu tanken, ist nicht verkehrt</strong></p>



<p>Für das Mittagessen stehen Ihnen zwei Möglichkeiten zur Verfügung. Wenn Sie Ihr Picknick mitnehmen möchten, genießen Sie es an einem der wunderschönen Strände der Insel&nbsp;:</p>



<ul class="wp-block-list">
<li>Der Strand von Sable Jaune,</li>



<li>Der Strand aux Coquillages</li>



<li>Der große Strand</li>



<li>Der Goldene Sand</li>
</ul>



<p>Ansonsten können wir Ihnen empfehlen, in einem der Restaurants auf der Insel zu essen. Mit seiner Holzterrasse und der grünen Umgebung empfängt Sie das L&#8217;isola Nostra den ganzen Sommer über. Dort werden frische und lokale Produkte angeboten. Dort können Sie sich die Zeit nehmen, Ihre Batterien aufzuladen, bevor Sie weiterreisen.</p>



<div style="height:12px" aria-hidden="true" class="wp-block-spacer"></div>
</div><figure class="wp-block-media-text__media"><img loading="lazy" decoding="async" width="1024" height="683" src="https://campinglesramiers.com/wp-content/uploads/2023/09/ile-d-yeu-plage-peche-1024x683.jpg" alt="strand ile d'aix" class="wp-image-21731 size-full" srcset="https://campinglesramiers.com/wp-content/uploads/2023/09/ile-d-yeu-plage-peche-1024x683.jpg 1024w, https://campinglesramiers.com/wp-content/uploads/2023/09/ile-d-yeu-plage-peche-300x200.jpg 300w, https://campinglesramiers.com/wp-content/uploads/2023/09/ile-d-yeu-plage-peche-768x512.jpg 768w, https://campinglesramiers.com/wp-content/uploads/2023/09/ile-d-yeu-plage-peche.jpg 1200w" sizes="auto, (max-width: 1024px) 100vw, 1024px" /></figure></div>



<div class="wp-block-media-text alignwide is-stacked-on-mobile"><figure class="wp-block-media-text__media"><img loading="lazy" decoding="async" width="1024" height="769" src="https://campinglesramiers.com/wp-content/uploads/2023/09/P1200098-1024x769.jpg" alt="baigane auf der insel aix" class="wp-image-21733 size-full" srcset="https://campinglesramiers.com/wp-content/uploads/2023/09/P1200098-1024x769.jpg 1024w, https://campinglesramiers.com/wp-content/uploads/2023/09/P1200098-300x225.jpg 300w, https://campinglesramiers.com/wp-content/uploads/2023/09/P1200098-768x577.jpg 768w, https://campinglesramiers.com/wp-content/uploads/2023/09/P1200098.jpg 1200w" sizes="auto, (max-width: 1024px) 100vw, 1024px" /></figure><div class="wp-block-media-text__content">
<div style="height:12px" aria-hidden="true" class="wp-block-spacer"></div>



<p><strong>Der Norden der Insel Aix wartet auf Sie, um Ihre Aixien-Reise fortzusetzen.</strong></p>



<p>Nach dieser kleinen Pause ist es an der Zeit, den nördlichen Teil der Insel zu erkunden. Dazu schlagen Sie die Richtung zum Fort Liédot ein, das von Ende April bis Ende September geöffnet ist. Sie können alle ihre Geheimnisse mit einer geführten Tour entdecken, die für einen Erwachsenen 7,50 € kostet. Verfolgen Sie ihre Erlebnisse zurück, seit sie 1808 unter Napoleons Befehl zum Schutz der Insel auftauchte.</p>



<p>Alle Informationen zu Preisen und Besuchszeiten finden Sie auf der Website des Forts&nbsp;: https: <a href="https://www.fortliedot.com/visites/" target="_blank" rel="noreferrer noopener">//www.fortliedot.com/visites/</a>. Dieser Besuch ist auch in Eigenregie möglich. Zurzeit ist zusätzlich eine Ausstellung über das Fort Boyard zugänglich.</p>



<div style="height:12px" aria-hidden="true" class="wp-block-spacer"></div>
</div></div>



<p>Apropos letzterer: Es ist endlich an der Zeit, sich ihm zu nähern. Bei Ihrer Rückkehr auf den Kontinent bieten einige Kreuzfahrtgesellschaften eine Rundfahrt durch das Fort an, bei der Ihnen die Geschichte des Forts erzählt wird. Leider ist dieses Fort nicht für Besichtigungen zugänglich.</p>



<p>Wenn du tagsüber Zeit hast, findest du hier noch ein paar andere nette Orte, die du dir auf deinem Spaziergang ansehen kannst&nbsp;:</p>



<ul class="wp-block-list">
<li>Der Steg auf der Ile d&#8217;aix</li>



<li>Die Statue von Napoleon</li>



<li>Das Pulverfass</li>
</ul>



<p>Es gibt viele Spezialitäten auf der Insel, die Sie vielleicht bei Ihrem Mittagessen probieren können. Zu den Spezialitäten gehören unter anderem&nbsp;:</p>



<ul class="wp-block-list">
<li>Der Aal, der Fisch, den wir alle kennen</li>



<li>Eclade, eine Art, Muscheln auf dem Grill mit verschiedenen Aromen zuzubereiten, die mit einem Glas frischem Weißwein und mit Butter bestrichenem Brot genossen wird</li>



<li>Glasaale, ebenfalls ein Fisch, sind eigentlich Aale, die aber noch nicht ausgewachsen sind. Sie werden z. B. in Butter, Knoblauch und Petersilie gebraten gegessen.</li>



<li>Douzane, ein briocheartiges, geflochtenes Gebäck, das zwischen 10 und 15 cm groß ist.</li>
</ul>

<p>Tief im Meer, zwischen Oléron und Rochefort, verbirgt sich die geheimnisvolle Insel Aix. Gehen Sie auf Entdeckungsreise durch dieses kleine Stück Land. Folgen Sie mir, ich führe Sie. Zunächst können Sie sich auf den Weg zum Leuchtturm der Insel machen. Bei einem fünfminütigen Spaziergang dorthin können Sie sich die Beine vertreten. Seit 1840 leitet dieses [&hellip;]</p>

Entdecken Sie die Ile d'Aix während Ihres Urlaubs in der Vendée

Während Ihres Aufenthalts auf dem Campingplatz Les Ramiers sollten Sie sich unbedingt auf den Weg zur Ile d'Aix machen, um deren Fauna und Flora zu entdecken.
